when 1443/4810 - ((-3314)/20 - -1) is divided by x(3)?
21
Suppose 177*j - 2035 = 166*j. Calculate the remainder when j is divided by 64.
57
Suppose 11*f = 5*f. Suppose 1 = -3*x - 5, 4*w + x - 78 = f. What is the remainder when w is divided by 11?
9
Suppose -2*q - 5*b = -215, b = -3*q + 2*b + 297. Calculate the remainder when q is divided by 52.
48
Suppose 2*p = -10, 5*p = -12*n + 8*n + 239. What is the remainder when 260 is divided by n?
62
Let c = -28 + 30. Let d be (-2)/(c + 4)*9. What is the remainder when (2/d)/(1/(-60)) is divided by 21?
19
Let c = -1125 + 1155. What is the remainder when 1287 is divided by c?
27
Calculate the remainder when 1019 is divided by 2/9 - ((-518)/18 + -1).
29
Let f(l) = -2*l - 1. Let c be f(2). Calculate the remainder when 17 - c - (1 - 0) is divided by 4/10 + 165/25 + 4.
10
Suppose -4*y + 3 = 3*v - 1, 0 = 5*v + 2*y - 16. Let l be (-10)/(-45) + 0 + (-259)/(-9). Let u = l - v. What is the remainder when u is divided by 9?
7
Suppose -o = o + 2, 3*u - 2*o - 23 = 0. Let x be 26*-6*2/(-24). Suppose -x = -4*c - 1. What is the remainder when u is divided by c?
1
Let l(i) = -55*i + 2. Let c be l(-10). Let y = c - 380. Suppose 2*b = 4*b - y. What is the remainder when b is divided by 22?
20
Let q = 822 + -602. Calculate the remainder when q is divided by 16.
12
Let x = 362 - 293. What is the remainder when x is divided by 14?
13
Let u(r) = 3*r**3 - 3*r**2 + 5*r - 12. Let z be u(-5). Let a = -343 - z. Calculate the remainder when a is divided by 37.
33
Let h be 9/((-9)/112)*3/2. What is the remainder when 10/4*h/(-35) is divided by 7?
5
Let z(g) = -g**3 + 22*g**2 + 11*g + 15. What is the remainder when z(22) is divided by 36?
5
Suppose 5*h = 3*d - 0*h - 35, 13 = d - 2*h. Calculate the remainder when d is divided by 3.
2
Let y = 1402 + -1385. What is the remainder when 33 is divided by y?
16
Suppose 0 = 3*b + 2*j - 4, 5 - 13 = 4*b - 4*j. Let z = 48 + 63. Suppose b = -3*c + 3 + z. Calculate the remainder when c is divided by 13.
12
Suppose 4*q - 1 = 91. What is the remainder when 44 is divided by q?
21
Let a = -35 + 38. Suppose -3*g + 45 - a = 0. What is the remainder when 68 is divided by g?
12
Let w(f) be the third derivative of 7*f**5/60 + f**4/24 - 2*f**3 - 3*f**2. Calculate the remainder when w(3) is divided by (-1)/(-3) + (-82)/(-6).
12
Let c = 85 - 32. Calculate the remainder when c is divided by (5 + -38 + 5)/((-8)/4).
11
Let o(b) = 3*b**2 + 13*b + 9. Let r = 61 + -36. Calculate the remainder when o(-8) is divided by r.
22
Let i = 192 - 100. Calculate the remainder when i is divided by 31.
30
Let l = -1198 - -1390. What is the remainder when l is divided by 13?
10
Let c(v) = -v**3 - 9*v**2 - v - 12. Let u be c(-9). What is the remainder when -3 - -2 - -37 - u is divided by 14?
11
Let l = 8 - 4. Let w = -8403 + 8413. Calculate the remainder when w is divided by l.
2
Calculate the remainder when 20 is divided by ((-2)/8)/(28/(-448)).
0
Let q be -8*25/(-30)*87. What is the remainder when (2/(-4))/((-10)/q) is divided by (9 + -10)/(1/(-15))?
14
Let f be 134/26 + (-10)/65. Suppose -f*g + 3*l = 14, 3*g - 10 = g - 4*l. Calculate the remainder when (g + 39)*7/14 is divided by 11.
8
Let b(h) = 2*h**2 + h - 2. Let t be 2/(-10) + 201/5. Suppose -t + 5 = -5*c. Calculate the remainder when b(-3) is divided by c.
6
Suppose 2*y - 30 = -3*y. Suppose 7*u = 5*u - 50. Let j = u + 48. Calculate the remainder when j is divided by y.
5
Let p = -303 - -335. Calculate the remainder when 188 is divided by p.
28
Calculate the remainder when 30 is divided by (-5)/3*396/(-55).
6
Let p(t) = t**3 + 11*t**2 - 10*t - 92. Calculate the remainder when p(-11) is divided by 12.
6
What is the remainder when 25 is divided by (6 - 5)/((-7)/(-49))?
4
Suppose 442 = 6*u - 566. What is the remainder when u is divided by 13?
12
Suppose -2*o - 2*l - 109 = -5*o, 33 = o - 4*l. Suppose i + 0*i = 7. Let j = 17 - i. What is the remainder when o is divided by j?
7
Let s(d) = -3*d + 46. Let y be s(14). Suppose -66 = -y*i + 90. What is the remainder when i is divided by 6?
3
Suppose -8*i = -4*i - 5*a - 44, a = -3*i + 52. Calculate the remainder when 238 is divided by i.
14
Let m be (12/20)/((-2)/(-10)). Suppose o = -m*o. Suppose 3*i + 3*c - 120 = o, 2*c - 3*c - 135 = -4*i. What is the remainder when i is divided by 18?
17
Let a be (-6)/(-1)*(5 + (-14)/4). Suppose -a*o + 28 = -17. Calculate the remainder when 17 is divided by o.
2
Suppose 5*i = o + o + 12, -4 = 2*i - 3*o. Suppose 49 = -i*v + 173. Calculate the remainder when 84 is divided by v.
22
Let v(z) = 3*z + 25. Let m(p) = -p**3 - 4*p**2 + 7*p + 17. Calculate the remainder when v(0) is divided by m(-5).
4
Suppose 0*w + w = 3. Suppose -3*l = -w, 2 = -f + 4*l + 4. Calculate the remainder when 10 is divided by f.
4
Let u be (14/4)/((-2)/4). Let d = u + 23. Suppose q = 18*h - 16*h - 56, -141 = -5*h + 2*q. What is the remainder when h is divided by d?
13
Let o(t) = -3*t**3 - 4*t**2 - 3*t - 3. Suppose -4*v = -c - 31, -15 - 50 = -5*v - 4*c. What is the remainder when o(-3) is divided by v?
6
Suppose 2*l = -l + 6. What is the remainder when 9 is divided by (6/(-4))/((-1)/l)?
0
Let w(y) = -53*y - 11. Let h be w(5). Let u = -13 - -29. What is the remainder when (h/(-16))/(6/16) is divided by u?
14
Calculate the remainder when 10/(-30) + (-838)/(-3) is divided by 8.
7
What is the remainder when 89 is divided by 6/36 + 1233/54?
20
Suppose 4*q = 3*q + 39. Suppose -6 = -3*u + 3. Suppose 2*l = -u*z + 40, -7*l + 80 = -3*l - 2*z. What is the remainder when q is divided by l?
19
Suppose 4*q - 104 = g, -q - 2*g + 29 = -3*g. Suppose -2*s - j - 33 = 0, -2*s + 3*j = 8 + 21. Let u = s - -23. Calculate the remainder when q is divided by u.
4
Let d(f) = 3*f - 15. Let u be d(14). Suppose 72 - u = 3*y. What is the remainder when 57 is divided by y?
12
Let v(i) = i - 2. Suppose -7 = 3*c - 64. Suppose -3*o - 4*p + 29 = 0, o + 2*p - c = -6. Calculate the remainder when 1 is divided by v(o).
0
Suppose -1 = r + t, -25 = -r - 2*r + 4*t. Let y = 4 - r. What is the remainder when 2 is divided by y?
0
Let n(k) = k**3 + 35*k**2 - 45*k + 26. What is the remainder when n(-36) is divided by 27?
26
Let x be 17/34*(-192 + 0). Let g be x/(-16)*(-2)/(-4). What is the remainder when (-2)/g - (-339)/9 is divided by 20?
17
What is the remainder when 873/4 + -2 + 99/36 is divided by 44?
43
Let l = 145 - 52. What is the remainder when l is divided by 3?
0
Let y = 22 - 1. What is the remainder when y is divided by (-44 - -46)*4*2?
5
Let z(j) be the third derivative of 13*j**4/8 - j**3/6 - j**2. Let y be z(-2). Let p = -56 - y. What is the remainder when 44 is divided by p?
21
Let q(c) = 2*c**2 - 17. What is the remainder when q(7) is divided by 21?
18
Let v be 6/21 + 515/35. Let o = -3 + v. Suppose 2*u + 2 = 68. What is the remainder when u is divided by o?
9
Suppose 0 = -4*n + 9 + 11. Suppose 0*b + 72 = 4*l + b, n*b = l - 18. Calculate the remainder when 70 is divided by l.
16
Suppose 0 = -5*o + 3*o + 146. Suppose 3*h - 87 = -4*z, -5*h + 78 = 3*z - 56. What is the remainder when o is divided by h?
23
Suppose 0 = 121*w - 128*w + 455. Calculate the remainder when 187 is divided by w.
57
Let x(p) = p**2 - 8*p + 5. Let y be x(5). Let j(l) = -2*l - 17. What is the remainder when 9 is divided by j(y)?
0
Calculate the remainder when 33/99*(3207 - (0 + 0)) is divided by 8.
5
Suppose 5*l = -0 - 5. Let z be -22*4 + l + 0. Let g = -58 - z. What is the remainder when 59 is divided by g?
28
Let u(c) = 9*c - 119. What is the remainder when u(19) is divided by 19?
14
Let q(f) = f**3 - 7*f**2 - 5*f + 4. Let v be ((-23)/(-3))/(8/168). Let t = v - 80. Calculate the remainder when t is divided by q(8).
25
Let s be ((3 + -2)*-7)/((-2)/22). Let q = s - 56. Calculate the remainder when q is divided by 14.
7
Let w = -96 + 199. Let l(d) = d**3 + 8*d**2 + 9*d + 12. Let c be l(-8). Let m = c + w. What is the remainder when m is divided by 22?
21
Let m be (259/14)/((-2)/(-4)). Suppose -4*z = -3*o + m + 5, -3*z = 9. What is the remainder when o is divided by 6?
4
Let v(y) = 11*y - 4. Let r be 126/27 + 4/(-6). Let l be v(r). Let p = l + -4. Calculate the remainder when 107 is divided by p.
35
Let b be 57/12 - 15/20. Let p(g) = 2*g + 12. Calculate the remainder when 58 is divided by p